he remainder when 1154205 is divided by 1113?
24
Calculate the remainder when 39624 is divided by 1029.
522
Calculate the remainder when 1220659 is divided by 369.
7
Calculate the remainder when 114929 is divided by 135.
44
What is the remainder when 2403467 is divided by 44?
11
Calculate the remainder when 2028 is divided by 1683.
345
Calculate the remainder when 1082156 is divided by 1082141.
15
Calculate the remainder when 20422 is divided by 3359.
268
What is the remainder when 310238 is divided by 231?
5
Calculate the remainder when 26330777 is divided by 7306.
7259
Calculate the remainder when 111030 is divided by 6530.
20
Calculate the remainder when 70896401 is divided by 256871.
5
What is the remainder when 315702311 is divided by 978?
977
Calculate the remainder when 69324 is divided by 15.
9
Calculate the remainder when 897169 is divided by 112146.
1
Calculate the remainder when 5209849 is divided by 5209835.
14
Calculate the remainder when 1196275 is divided by 33229.
31
Calculate the remainder when 2698468 is divided by 80.
68
What is the remainder when 1513592 is divided by 11466?
80
Calculate the remainder when 15552431 is divided by 34408.
15
What is the remainder when 502411 is divided by 4609?
30
What is the remainder when 111300802 is divided by 162?
160
What is the remainder when 31128 is divided by 306?
222
What is the remainder when 349703 is divided by 747?
107
Calculate the remainder when 30643383 is divided by 1248.
1239
What is the remainder when 978768 is divided by 163092?
216
What is the remainder when 112604 is divided by 2218?
1704
What is the remainder when 5350437 is divided by 40?
37
What is the remainder when 149665765 is divided by 28?
25
Calculate the remainder when 157044 is divided by 22377.
405
What is the remainder when 5798800 is divided by 25103?
7
What is the remainder when 8868942 is divided by 2160?
2142
What is the remainder when 383413 is divided by 3517?
60
Calculate the remainder when 212663 is divided by 2441.
296
What is the remainder when 65813753 is divided by 120538?
5
Calculate the remainder when 388465 is divided by 705.
10
What is the remainder when 59872366 is divided by 102?
100
Calculate the remainder when 1693418 is divided by 455.
363
Calculate the remainder when 1017011 is divided by 1016998.
13
What is the remainder when 13411 is divided by 6677?
57
What is the remainder when 2610029 is divided by 32215?
614
What is the remainder when 275910 is divided by 114?
30
Calculate the remainder when 305795 is divided by 101926.
17
What is the remainder when 1990076 is divided by 20?
16
What is the remainder when 710203 is divided by 3273?
3235
Calculate the remainder when 3112367 is divided by 44.
27
Calculate the remainder when 848173 is divided by 1348.
281
What is the remainder when 128368 is divided by 63781?
806
What is the remainder when 93560 is divided by 4353?
2147
What is the remainder when 4346202 is divided by 529?
467
Calculate the remainder when 5838368497 is divided by 7929.
7927
What is the remainder when 2866421 is divided by 10163?
455
Calculate the remainder when 13679266 is divided by 185.
181
Calculate the remainder when 1335203 is divided by 54.
53
Calculate the remainder when 1348582 is divided by 146.
126
What is the remainder when 28997 is divided by 323?
250
Calculate the remainder when 1718740 is divided by 907.
882
Calculate the remainder when 4572153 is divided by 1786.
1779
Calculate the remainder when 67512476 is divided by 568.
564
Calculate the remainder when 1747709 is divided by 20081.
662
Calculate the remainder when 5762473 is divided by 1373.
1365
What is the remainder when 47476 is divided by 22795?
1886
Calculate the remainder when 8652632 is divided by 109.
103
What is the remainder when 3553026 is divided by 17?
9
What is the remainder when 7491745 is divided by 1872917?
77
What is the remainder when 1027038 is divided by 28?
26
Calculate the remainder when 5687047 is divided by 5687045.
2
What is the remainder when 8525510 is divided by 285?
20
Calculate the remainder when 198549 is divided by 14181.
15
Calculate the remainder when 5730293 is divided by 26.
23
What is the remainder when 4702946 is divided by 17?
15
What is the remainder when 205694 is divided by 1921?
147
What is the remainder when 2065755 is divided by 229523?
48
What is the remainder when 2771926 is divided by 59?
47
Calculate the remainder when 10827 is divided by 105.
12
What is the remainder when 36654899 is divided by 536?
3
What is the remainder when 67103684 is divided by 6102?
6092
What is the remainder when 28748997 is divided by 555?
552
What is the remainder when 47601199 is divided by 8?
7
What is the remainder when 21100 is divided by 852?
652
Calculate the remainder when 1322654 is divided by 20994.
32
What is the remainder when 765411 is divided by 2676?
75
What is the remainder when 2878603 is divided by 3359?
3299
What is the remainder when 3584951 is divided by 4986?
17
Calculate the remainder when 236958 is divided by 12769.
7116
What is the remainder when 1344012 is divided by 143?
98
Calculate the remainder when 1437705 is divided by 2934.
45
What is the remainder when 25782683 is divided by 25782678?
5
What is the remainder when 4253947 is divided by 1874?
1841
What is the remainder when 170698 is divided by 3396?
898
What is the remainder when 317835 is divided by 7?
0
What is the remainder when 4221467 is divided by 1289?
1281
Calculate the remainder when 266187 is divided by 66545.
7
Calculate the remainder when 148960 is divided by 1215.
730
Calculate the remainder when 515195 is divided by 448.
443
What is the remainder when 144854 is divided by 45?
44
What is the remainder when 46963 is divided by 9342?
253
Calculate the remainder when 433634 is divided by 14899.
1563
Calculate the remainder when 1903 is divided by 1239.
664
What is the remainder when 132254 is divided by 43526?
1676
What is the remainder when 141722 is divided by 186?
176
What is the remainder when 8938 is divided by 460?
198
Calculate the remainder when 937979 is divided by 20834.
449
Calculate the remainder when 29289555 is divided by 14644752.
51
What is the remainder when 21265 is divided by 7049?
118
What is the remainder when 1921141 is divided by 1086?
7
Calculate the remainder when 210147 is divided by 29937.
588
What is the remainder when 3082139 is divided by 1175?
114
What is the remainder when 183364551 is divided by 66?
51
Calculate the remainder when 600176 is divided by 754.
746
What is the remainder when 10360673 is divided by 264?
257
What is the remainder when 7210944 is divided by 535?
214
What is the remainder when 70906554 is divided by 200301?
0
Calculate the remainder when 1825100 is divided by 141.
137
Calculate the remainder when 8797166 is divided by 231.
224
What is the remainder when 113711706 is divided by 44?
42
Calculate the remainder when 3688078 is divided by 1691.
7
Calculate the remainder when 16945234 is divided by 178.
168
What is the remainder when 11146 is divided by 1209?
265
What is the remainder when 4828625 is divided by 739?
738
What is the remainder when 1385999 is divided by 277072?
639
Calculate the remainder when 717721 is divided by 319.
290
What is the remainder when 20390242 is divided by 3576?
3466
Calculate the remainder when 17225 is divided by 8558.
109
What is the remainder when 53159146 is divided by 739?
659
What is the remainder when 206891 is divided by 34474?
47
Calculate the remainder when 33903258 is divided by 17.
5
What is the remainder when 156613707 is divided by 9007?
8998
What is the remainder when 3803706 is divided by 337?
324
What is the remainder when 331677 is divided by 481?
268
What is the remainder when 4139387 is divided by 517415?
67
What is the remainder when 61317992 is divided by 1732?
1728
Calculate the remainder when 15711508 is divided by 15711506.
2
What is the remainder when 910354 is divided by 455170?
14
Calculate the remainder when 446948 is divided by 37.
25
What is the remainder when 3982252 is divided by 424?
44
What is the remainder when 15289027 is divided by 208?
195
Calculate the remainder when 2289381 is divided by 7532.
7185
What is the remainder when 5255753 is divided by 56?
41
